culate the remainder when 61 is divided by r.
13
Let x = -97 + 126. What is the remainder when 229 is divided by x?
26
Suppose 2*v - 5*u = 117, 5*u - 6*u - 5 = 0. Calculate the remainder when v is divided by 16.
14
Suppose 0 = 2*n + 5 + 3, -3*w = 5*n - 76. What is the remainder when w is divided by 17?
15
Let w(f) = 2*f**2 - f + 12. Calculate the remainder when 30 is divided by w(2).
12
Let w(k) be the first derivative of -5*k**2/2 + 8*k + 5. Let m be w(-6). Let s = -24 + m. Calculate the remainder when s is divided by 4.
2
Suppose 4*k - 7 = -5*b, -2*k - k + 44 = -4*b. Let a(z) = -z - 11. Let l be a(-8). Let m = l + k. What is the remainder when 18 is divided by m?
3
Suppose 6*z - 25 = 5*z. Suppose -8*u + 578 + 406 = 0. Calculate the remainder when u is divided by z.
23
Let g = 630 + -606. Calculate the remainder when 1533 is divided by g.
21
Let g = -101 - -119. Suppose -g = -16*y + 15*y. Calculate the remainder when 46 is divided by y.
10
Suppose 0 = 2*u + 2*o - 90, o - 184 = -4*u - o. What is the remainder when (1 - 268)*(6 + 133/(-21)) is divided by u?
42
Let k(b) = b**2 - 2*b - 3. Let i be k(5). Let l(y) = -5*y - 27. Let n be l(-19). Suppose 4*d - n = -i. What is the remainder when d is divided by 5?
4
Let m(y) = 44*y - 61. What is the remainder when 85 is divided by m(3)?
14
Let m(c) be the second derivative of 29*c**3/6 - c**2/2 - c. Let k be ((-15)/(-75))/((-4)/(-10))*2. What is the remainder when m(k) is divided by 6?
4
Suppose -8*t + 16 = -4*t. Let v = 6 + t. Let g = -2 - -29. What is the remainder when g is divided by v?
7
Suppose -5*h + 242 = 207. Calculate the remainder when 73 is divided by h.
3
Suppose z + 12 = 23. Suppose 0 = 2*i - 7*i + 530. Let t = i + -43. What is the remainder when t is divided by z?
8
What is the remainder when 39 - 0*2/(-12) is divided by 20?
19
Suppose -2*i + 60 = 16. Calculate the remainder when i is divided by 9.
4
Suppose 18 = -7*w - 73. What is the remainder when 129 is divided by w/(-2)*(-17 + 19)?
12
Suppose 2*r + 23 = -23. Let k = -12 - r. Suppose -4*n + 50 = -4*c + 242, -10 = 2*n. Calculate the remainder when c is divided by k.
10
Calculate the remainder when 6/(1 - (0 - 147/(-156))) is divided by 50.
4
Calculate the remainder when 135 is divided by (-7)/(-3)*(-25 - -40).
30
Calculate the remainder when 166/581 + (-304)/(-14) is divided by 9.
4
Let m be -1 + 0 + (8 - 5). Let q be 4/m*(1 - -1). Suppose 22 = 4*l - 2*p, -q*l - 6 + 46 = 4*p. What is the remainder when l is divided by 5?
2
Suppose 4*i + 10 + 18 = 0. Let y be i + -2 + 6 + 19. Let o = y + -8. What is the remainder when 21 is divided by o?
5
Calculate the remainder when 191 is divided by 5*(-34)/(-10) + 7.
23
Suppose 4 = 2*a - 2. Let t be ((-9)/a - 52)/1. Let h = t - -80. What is the remainder when h is divided by 9?
7
Suppose -3*p - 25 = -40. Suppose -21 + p = -4*l. What is the remainder when 10 is divided by l?
2
Suppose -3*i - 19 - 5 = -4*y, 2*i + 5*y = -16. Let s(b) = b**3 + 8*b**2 - 7*b - 11. What is the remainder when s(i) is divided by 16?
13
Let s(l) be the first derivative of l**3/3 + l - 2. Let r = 27 + -24. What is the remainder when r is divided by s(1)?
1
Let a = 12 - 9. Suppose 3*p + 5*u + 79 = 0, 4*p + 2*u = -62 - 48. Calculate the remainder when 54 is divided by (p/a)/((-2)/3).
12
Let s be (-3564)/21 + (-2)/7. Let v = s + 46. Let h = v + 182. What is the remainder when h is divided by 12?
10
Let c(x) = -x**3 + 15*x**2 - 8*x - 46. What is the remainder when c(14) is divided by (-2 + -1)/(3/(-16))?
6
Let o = 613 + -599. Calculate the remainder when 31 is divided by o.
3
Let s = 43 + -4. Suppose -159 = -t - 145. Calculate the remainder when s is divided by t.
11
Let d(s) = 24*s**3 + 2*s - 1. Let x(i) = -9*i**3 - 6*i**2 + 2*i + 16. Calculate the remainder when x(-2) is divided by d(1).
10
Let f(y) = -2*y**3 + 63*y**2 - 34*y + 128. What is the remainder when 48 is divided by f(31)?
13
Suppose -3962 = 41*l - 19542. What is the remainder when l is divided by 64?
60
What is the remainder when 27 is divided by -1*(-6)/(-18)*-33?
5
Let h(f) be the third derivative of -8*f**2 + 0*f - 1/2*f**4 - 1/60*f**5 + 0 + 8/3*f**3. Calculate the remainder when h(-11) is divided by 10.
7
What is the remainder when 11*188*29/116 is divided by 40?
37
Suppose 0 = -l + 6*l - 245. Let a(o) = -30 + o + 17 + 34. Calculate the remainder when l is divided by a(-8).
10
Let b = 485 - 476. What is the remainder when 138 is divided by b?
3
Let h = -1800 + 2089. What is the remainder when h is divided by 74?
67
Let j(i) = -i**3 - 13*i**2 - 10*i + 22. Let p be j(-12). Calculate the remainder when 96 is divided by 25 + (3 + (-5 - p))/1.
21
Let a(q) = -47*q + 356. Let k(w) = w**2 + 3*w + 9. Calculate the remainder when k(7) is divided by a(7).
25
What is the remainder when (-1)/3 + (-92)/(-6) is divided by 4/(-3 + -29) - 82/(-16)?
0
Let p = 160 - 113. Calculate the remainder when p is divided by 2/(-5) + (-42)/(-5).
7
Calculate the remainder when 4/(-132)*-11*207 is divided by 4/(-2 + 0) + 17.
9
Suppose 0*u - 98 = -2*u - 3*w, -5*w - 23 = -u. What is the remainder when 343 is divided by u?
42
Let k(u) = -u**2 + 7*u + 29. Let d be k(9). Suppose -2*f = -173 + d. Calculate the remainder when f is divided by 21.
18
Suppose 7*o - 125 = 2*o - 3*p, -90 = -5*o + 4*p. Calculate the remainder when 83 is divided by o.
17
Suppose y = 6*y - 4*g - 65, -4*y - 4*g + 88 = 0. What is the remainder when 21 is divided by y?
4
Let r = -31 + 80. Suppose 5*o = -4*h - r, h - 2*o = -h - 2. Let c(a) = -a. Calculate the remainder when 9 is divided by c(h).
3
Let f(p) = 38*p + 1146. What is the remainder when f(-25) is divided by (-4)/(-2)*(-33)/(-2)?
31
What is the remainder when 15 - (-3006)/27 - 5/(-3) is divided by 43?
42
Let d = -1437 + 1848. What is the remainder when d is divided by 48?
27
Let m = 150 - -1607. What is the remainder when m is divided by 16?
13
Suppose 0 = -i + 12 - 152. Let w = i - -153. Calculate the remainder when w is divided by 5.
3
Let u = 32 - 17. Let b = -63 + 71. What is the remainder when u is divided by (-11)/(-44) + 22/b?
0
Suppose 1788 = -20*j + 23*j. What is the remainder when j is divided by 9?
2
Let l(w) = -4*w**3 + 176*w**2 + w + 6. Suppose -2*h + 6 = -26. What is the remainder when l(44) is divided by h?
2
Let l = 966 + -927. What is the remainder when 208 is divided by l?
13
Suppose -z = 4*o - 167, -3*z = -2*o + 53 + 48. Let x be (-1)/((-1)/(-8)*4). Calculate the remainder when o is divided by 14 - (0 - -1) - x.
13
Let x be 364/39 - 2/(-3). Let d be 8/x*(-540)/(-24). Suppose -3*p = -5*p + d. Calculate the remainder when 34 is divided by p.
7
Let g(m) = m**3 - 2*m**2 - m. Suppose -75 = 646*s - 651*s. Calculate the remainder when s is divided by g(3).
3
Let h = -143 + 155. Calculate the remainder when 105 is divided by h.
9
Let a(u) = -13*u**2 + 14*u - 20. Let q be a(10). What is the remainder when (1 - q/15) + 2/(-3) is divided by (-2)/4 + (-66)/(-4)?
15
Let w(u) be the second derivative of -u**5/20 + u**4/2 - u**3/6 - 6*u**2 + 9*u. Calculate the remainder when 22 is divided by w(5).
6
Suppose -7*n = -5*n. Let z be (8 - 6) + 0 + n. Suppose -3*g + z = -31. What is the remainder when 29 is divided by g?
7
Suppose 371 = -5*t + b - 13, b = -1. Suppose 2*r = 7*r + 155. Let p = r - t. What is the remainder when p is divided by 12?
10
Let d = 379 + -363. Calculate the remainder when 925 is divided by d.
13
Suppose 0 = -3*s + 3 + 15. Suppose 3*o = 9, -s*w + o = -2*w - 29. Calculate the remainder when 46 is divided by w.
6
Let b = -80 - -211. What is the remainder when b is divided by 34?
29
Suppose -2*s - q + 6*q = 17, 4*s = 3*q + 1. Suppose -s*m + 18 = -2*m. What is the remainder when m is divided by 7 + 0 + 3 + (-7 - -1)?
1
What is the remainder when ((-4518)/24)/(9/(-12)) is divided by 23?
21
Suppose -d = -4*s + 100, -s = -0*d + d + 85. Calculate the remainder when 17 is divided by 16/d + 0 + (-68)/(-11).
5
Suppose -74*p - 20*p - 15*p + 436 = 0. Let t(y) = y**3 - 4*y**2 + 6*y - 5. What is the remainder when t(5) is divided by p?
2
Let y(i) be the third derivative of -i**5/60 + i**4/2 + 11*i**3/6 + 19*i**2. Let n = 8 + 22. Calculate the remainder when n is divided by y(12).
8
Let u = -122 + 134. What is the remainder when 90 is divided by u?
6
Let c(j)